{"id":2,"date":"2025-10-17T10:57:53","date_gmt":"2025-10-17T07:57:53","guid":{"rendered":"https:\/\/kellofoorumi.fi\/uutiset\/?page_id=2"},"modified":"2025-10-17T14:49:47","modified_gmt":"2025-10-17T11:49:47","slug":"info","status":"publish","type":"page","link":"https:\/\/kellofoorumi.fi\/uutiset\/info\/","title":{"rendered":"Info"},"content":{"rendered":"\n<p class=\"wp-block-paragraph\">Kellofoorumi on vuonna 2013 perustettu kelloaiheinen <a href=\"https:\/\/kellofoorumi.fi\">keskustelupalsta<\/a>, jonka yll\u00e4pit\u00e4j\u00e4 on <a href=\"https:\/\/tyyliniekka.fi\" data-type=\"link\" data-id=\"https:\/\/tyyliniekka.fi\" target=\"_blank\" rel=\"noreferrer noopener\">Tyyliniekka-mediaa<\/a> julkaiseva Miehist\u00f6media Oy. <\/p>\n\n\n\n<blockquote class=\"wp-block-quote is-layout-flow wp-block-quote-is-layout-flow\">\n<p class=\"wp-block-paragraph\">Tyyliniekka ja Kellofoorumi muodostavat yhdess\u00e4 sosiaalisen median kanavien kanssa Suomen johtavan kelloyhteis\u00f6n, joka tavoittaa kuukausittain satatuhatta suomalaista.<\/p>\n<\/blockquote>\n\n\n\n<p class=\"wp-block-paragraph\"><strong>Mik\u00e4li olet kiinnostunut yhteisty\u00f6st\u00e4, voit ottaa yhteytt\u00e4: <\/strong><\/p>\n\n\n\n<p class=\"wp-block-paragraph\">Matti Airaksinen<br>P. 045 122 8780<br>matti@miehisto.fi <\/p>\n","protected":false},"excerpt":{"rendered":"<p>Kellofoorumi on vuonna 2013 perustettu kelloaiheinen keskustelupalsta, jonka yll\u00e4pit\u00e4j\u00e4 on Tyyliniekka-mediaa julkaiseva Miehist\u00f6media Oy. Tyyliniekka ja Kellofoorumi muodostavat yhdess\u00e4 sosiaalisen median kanavien kanssa Suomen johtavan kelloyhteis\u00f6n, joka tavoittaa kuukausittain satatuhatta suomalaista. Mik\u00e4li olet kiinnostunut yhteisty\u00f6st\u00e4, voit ottaa yhteytt\u00e4: Matti AiraksinenP. 045 122 8780matti@miehisto.fi<\/p>\n","protected":false},"author":1,"featured_media":0,"parent":0,"menu_order":0,"comment_status":"closed","ping_status":"closed","template":"","meta":{"_crdt_document":"","footnotes":""},"class_list":["post-2","page","type-page","status-publish","hentry"],"yoast_head":"<!-- This site is optimized with the Yoast SEO plugin v27.2 - https:\/\/yoast.com\/product\/yoast-seo-wordpress\/ -->\n<title>Info - Kellofoorumin uutiset<\/title>\n<meta name=\"description\" content=\"Kellofoorumi ja Tyyliniekka muodostavat Suomen suosituimman kelloyhteis\u00f6n, joka sis\u00e4lt\u00e4\u00e4 uutisointia ja keskustelua.\" \/>\n<meta name=\"robots\" content=\"index, follow, max-snippet:-1, max-image-preview:large, max-video-preview:-1\" \/>\n<link rel=\"canonical\" href=\"https:\/\/kellofoorumi.fi\/uutiset\/info\/\" \/>\n<meta property=\"og:locale\" content=\"fi_FI\" \/>\n<meta property=\"og:type\" content=\"article\" \/>\n<meta property=\"og:title\" content=\"Info - Kellofoorumin uutiset\" \/>\n<meta property=\"og:description\" content=\"Kellofoorumi ja Tyyliniekka muodostavat Suomen suosituimman kelloyhteis\u00f6n, joka sis\u00e4lt\u00e4\u00e4 uutisointia ja keskustelua.\" \/>\n<meta property=\"og:url\" content=\"https:\/\/kellofoorumi.fi\/uutiset\/info\/\" \/>\n<meta property=\"og:site_name\" content=\"Kellofoorumin uutiset\" \/>\n<meta property=\"article:publisher\" content=\"https:\/\/www.facebook.com\/Tyyliniekka\" \/>\n<meta property=\"article:modified_time\" content=\"2025-10-17T11:49:47+00:00\" \/>\n<meta name=\"twitter:card\" content=\"summary_large_image\" \/>\n<meta name=\"twitter:label1\" content=\"Arvioitu lukuaika\" \/>\n\t<meta name=\"twitter:data1\" content=\"1 minuutti\" \/>\n<script type=\"application\/ld+json\" class=\"yoast-schema-graph\">{\"@context\":\"https:\/\/schema.org\",\"@graph\":[{\"@type\":\"WebPage\",\"@id\":\"https:\/\/kellofoorumi.fi\/uutiset\/info\/\",\"url\":\"https:\/\/kellofoorumi.fi\/uutiset\/info\/\",\"name\":\"Info - Kellofoorumin uutiset\",\"isPartOf\":{\"@id\":\"https:\/\/kellofoorumi.fi\/uutiset\/#website\"},\"datePublished\":\"2025-10-17T07:57:53+00:00\",\"dateModified\":\"2025-10-17T11:49:47+00:00\",\"description\":\"Kellofoorumi ja Tyyliniekka muodostavat Suomen suosituimman kelloyhteis\u00f6n, joka sis\u00e4lt\u00e4\u00e4 uutisointia ja keskustelua.\",\"breadcrumb\":{\"@id\":\"https:\/\/kellofoorumi.fi\/uutiset\/info\/#breadcrumb\"},\"inLanguage\":\"fi\",\"potentialAction\":[{\"@type\":\"ReadAction\",\"target\":[\"https:\/\/kellofoorumi.fi\/uutiset\/info\/\"]}]},{\"@type\":\"BreadcrumbList\",\"@id\":\"https:\/\/kellofoorumi.fi\/uutiset\/info\/#breadcrumb\",\"itemListElement\":[{\"@type\":\"ListItem\",\"position\":1,\"name\":\"Etusivu\",\"item\":\"https:\/\/kellofoorumi.fi\/uutiset\/\"},{\"@type\":\"ListItem\",\"position\":2,\"name\":\"Info\"}]},{\"@type\":\"WebSite\",\"@id\":\"https:\/\/kellofoorumi.fi\/uutiset\/#website\",\"url\":\"https:\/\/kellofoorumi.fi\/uutiset\/\",\"name\":\"Kellofoorumin uutiset\",\"description\":\"Kellofoorumi ja Tyyliniekka muodostavat Suomen suosituimman kelloperheen.\",\"potentialAction\":[{\"@type\":\"SearchAction\",\"target\":{\"@type\":\"EntryPoint\",\"urlTemplate\":\"https:\/\/kellofoorumi.fi\/uutiset\/?s={search_term_string}\"},\"query-input\":{\"@type\":\"PropertyValueSpecification\",\"valueRequired\":true,\"valueName\":\"search_term_string\"}}],\"inLanguage\":\"fi\"}]}<\/script>\n<!-- \/ Yoast SEO plugin. -->","yoast_head_json":{"title":"Info - Kellofoorumin uutiset","description":"Kellofoorumi ja Tyyliniekka muodostavat Suomen suosituimman kelloyhteis\u00f6n, joka sis\u00e4lt\u00e4\u00e4 uutisointia ja keskustelua.","robots":{"index":"index","follow":"follow","max-snippet":"max-snippet:-1","max-image-preview":"max-image-preview:large","max-video-preview":"max-video-preview:-1"},"canonical":"https:\/\/kellofoorumi.fi\/uutiset\/info\/","og_locale":"fi_FI","og_type":"article","og_title":"Info - Kellofoorumin uutiset","og_description":"Kellofoorumi ja Tyyliniekka muodostavat Suomen suosituimman kelloyhteis\u00f6n, joka sis\u00e4lt\u00e4\u00e4 uutisointia ja keskustelua.","og_url":"https:\/\/kellofoorumi.fi\/uutiset\/info\/","og_site_name":"Kellofoorumin uutiset","article_publisher":"https:\/\/www.facebook.com\/Tyyliniekka","article_modified_time":"2025-10-17T11:49:47+00:00","twitter_card":"summary_large_image","twitter_misc":{"Arvioitu lukuaika":"1 minuutti"},"schema":{"@context":"https:\/\/schema.org","@graph":[{"@type":"WebPage","@id":"https:\/\/kellofoorumi.fi\/uutiset\/info\/","url":"https:\/\/kellofoorumi.fi\/uutiset\/info\/","name":"Info - Kellofoorumin uutiset","isPartOf":{"@id":"https:\/\/kellofoorumi.fi\/uutiset\/#website"},"datePublished":"2025-10-17T07:57:53+00:00","dateModified":"2025-10-17T11:49:47+00:00","description":"Kellofoorumi ja Tyyliniekka muodostavat Suomen suosituimman kelloyhteis\u00f6n, joka sis\u00e4lt\u00e4\u00e4 uutisointia ja keskustelua.","breadcrumb":{"@id":"https:\/\/kellofoorumi.fi\/uutiset\/info\/#breadcrumb"},"inLanguage":"fi","potentialAction":[{"@type":"ReadAction","target":["https:\/\/kellofoorumi.fi\/uutiset\/info\/"]}]},{"@type":"BreadcrumbList","@id":"https:\/\/kellofoorumi.fi\/uutiset\/info\/#breadcrumb","itemListElement":[{"@type":"ListItem","position":1,"name":"Etusivu","item":"https:\/\/kellofoorumi.fi\/uutiset\/"},{"@type":"ListItem","position":2,"name":"Info"}]},{"@type":"WebSite","@id":"https:\/\/kellofoorumi.fi\/uutiset\/#website","url":"https:\/\/kellofoorumi.fi\/uutiset\/","name":"Kellofoorumin uutiset","description":"Kellofoorumi ja Tyyliniekka muodostavat Suomen suosituimman kelloperheen.","potentialAction":[{"@type":"SearchAction","target":{"@type":"EntryPoint","urlTemplate":"https:\/\/kellofoorumi.fi\/uutiset\/?s={search_term_string}"},"query-input":{"@type":"PropertyValueSpecification","valueRequired":true,"valueName":"search_term_string"}}],"inLanguage":"fi"}]}},"_links":{"self":[{"href":"https:\/\/kellofoorumi.fi\/uutiset\/wp-json\/wp\/v2\/pages\/2","targetHints":{"allow":["GET"]}}],"collection":[{"href":"https:\/\/kellofoorumi.fi\/uutiset\/wp-json\/wp\/v2\/pages"}],"about":[{"href":"https:\/\/kellofoorumi.fi\/uutiset\/wp-json\/wp\/v2\/types\/page"}],"author":[{"embeddable":true,"href":"https:\/\/kellofoorumi.fi\/uutiset\/wp-json\/wp\/v2\/users\/1"}],"replies":[{"embeddable":true,"href":"https:\/\/kellofoorumi.fi\/uutiset\/wp-json\/wp\/v2\/comments?post=2"}],"version-history":[{"count":6,"href":"https:\/\/kellofoorumi.fi\/uutiset\/wp-json\/wp\/v2\/pages\/2\/revisions"}],"predecessor-version":[{"id":75,"href":"https:\/\/kellofoorumi.fi\/uutiset\/wp-json\/wp\/v2\/pages\/2\/revisions\/75"}],"wp:attachment":[{"href":"https:\/\/kellofoorumi.fi\/uutiset\/wp-json\/wp\/v2\/media?parent=2"}],"curies":[{"name":"wp","href":"https:\/\/api.w.org\/{rel}","templated":true}]}}